 is the remainder when w is divided by k?
7
Let m = 459 - 439. What is the remainder when 58 is divided by m?
18
Suppose 24 = 4*k - 3*k. Let p = -844 - -937. What is the remainder when p is divided by k?
21
Suppose -4*m = -16 - 4. Suppose a + 346 = -i, -m*a = -5*i + 2*i - 1078. Calculate the remainder when i/(-3) - (-2 + 5) is divided by 39.
36
Let s be 2/(-13) + (-54)/(-13). Suppose 2*q + 0 = 8, s*r + 3*q - 12 = 0. Suppose -d - 2*d + 48 = r. What is the remainder when 77 is divided by d?
13
Let i = -23 - -51. Calculate the remainder when 46 is divided by i.
18
Let t(d) = 23*d - 149. What is the remainder when t(10) is divided by 65?
16
What is the remainder when ((-14)/28)/(5/(-6))*45 is divided by 12?
3
Let m(z) = -z**2 + 5*z + 3. Let p be m(5). Suppose 0 = -c - p, -2*s + 5*c + 41 = -40. Suppose -5*k - 3 + s = 0. What is the remainder when 16 is divided by k?
4
Suppose 9*x = 36*x - 2214. What is the remainder when 345 is divided by x?
17
Let l(j) = j**3 + 8*j**2 - 5*j - 9. Let g = 89 - 97. Calculate the remainder when l(g) is divided by 19.
12
Let r = 3 + 3. Let g(c) = c + 2. Let k be g(r). Let y(x) = -x**2 + 9*x + 8. Calculate the remainder when y(k) is divided by 10.
6
Let i = 25 + 0. Suppose -2*q = -q - i. What is the remainder when 98 is divided by q?
23
Suppose 660 = -d + 6*d. Suppose -i = 2*i - d. What is the remainder when i is divided by ((-12)/(-9) - 3)*-9?
14
Let u(b) = b + 1. Let v be u(-3). Let z(f) = -3*f**3 - 5*f**2 + 2*f + 4. Calculate the remainder when 8 is divided by z(v).
0
Suppose 0 = 18*r - 7 - 191. Calculate the remainder when 19 is divided by r.
8
Suppose -72 = -4*r - 4*g, r = 8*g - 12*g + 27. What is the remainder when 177 is divided by r?
12
Let k(n) = 15*n + 131. What is the remainder when 55 is divided by k(-7)?
3
Let s be ((-3)/(-4))/((-8)/(-64)). Suppose -n + 588 = s*n. Let y = n - 60. Calculate the remainder when y is divided by 3.
0
Suppose 20*o - 129 = 16*o + n, -5*o + 130 = 5*n. What is the remainder when 204 is divided by o?
18
Let g(a) = a**3 + 5*a**2 + 5*a - 5. Let p(i) = i**2 + i - 1. Let y(l) = -g(l) + 6*p(l). Calculate the remainder when 0 + 7 + (-255)/30*-2 is divided by y(-2).
6
Let p(v) = -19*v - 65. Suppose 19 = j - 4*q - 0, -j - 5*q + 55 = 0. What is the remainder when p(-7) is divided by j?
33
Let h be (126 + 6)/(2 + -1). Let u = h - 70. Calculate the remainder when u is divided by 8.
6
Calculate the remainder when (-3)/3 + -2 - (-156 - -6) is divided by 30.
27
Let z = -53 + 59. Suppose -m - 57 = 2*o - z*o, o - 23 = 2*m. Let t = 12 + -4. Calculate the remainder when o is divided by t.
5
Suppose 5*a + 5*x - 85 = 0, 2*x = -4*a + 5*x + 82. Let r = 14 + a. Suppose 4*o - 5*w - 36 = r, -4*o = 4*w - 60. What is the remainder when 45 is divided by o?
13
Suppose -3*n = -2*i + 54, -2*i = n - 3*n - 56. Calculate the remainder when 89 is divided by i.
29
Suppose -w + 578 = -4*q, 2 + 2 = -4*q. Calculate the remainder when w is divided by 64.
62
Suppose 3*u + u + 18 = 2*h, 5*u = 3*h - 24. Suppose 2*t - 10 = 4*d - 0*d, 0 = -2*t - 3*d + h. What is the remainder when t is divided by 1?
0
Let u be 2/3 - (-30)/9. Let q = 14 - u. Let d = 3 + q. Calculate the remainder when d is divided by 5.
3
What is the remainder when -2 - 8/20*4*-95 is divided by 40?
30
Let l(u) = -u**3 - 14*u**2 + 13*u. Let y(x) = -5*x + 15. Let d be y(6). What is the remainder when l(d) is divided by 11?
8
Suppose 0 = -2*t - 3*t + 30. Suppose 5*k = t*k - 129. Calculate the remainder when k is divided by 33.
30
Let y be 4/(-18) - (-24)/108. Suppose y = 5*j - 9 - 1. What is the remainder when 61 is divided by -3 + j - 0 - -17?
13
Suppose 2597*t = 2602*t - 615. Calculate the remainder when t is divided by 3.
0
Let r(w) = -w**3 + 11*w**2 - 8*w - 39. What is the remainder when r(-10) is divided by 16?
13
Let y = 46 + -27. Let v = 24 + -19. What is the remainder when y is divided by v?
4
What is the remainder when (98 + -97)/((-2)/(-1206)) is divided by 55?
53
Suppose -2*u = -g - 0*g - 11, -5*g + 5 = 0. Let d be (-306)/(-10) - (-14)/35. Let s = d + -28. What is the remainder when u is divided by s?
0
Suppose -2 - 18 = -5*z. Suppose 2*o + 32 = z*o. Calculate the remainder when o is divided by 10.
6
Let p(v) = v**3 + 13*v**2 + 17*v - 83. What is the remainder when p(-10) is divided by 13?
8
Let q = 82 - 81. Calculate the remainder when 1 is divided by q.
0
Let m be 2/((3/(-6))/((-10)/(-4))). Suppose 6 = -z + 36. Let f = z + m. What is the remainder when 79 is divided by f?
19
Let v be 8/12 + (-3 - 39/(-9)). Suppose -3*m - v*m - 5*y = -15, -11 = -3*m - 2*y. What is the remainder when m is divided by 2?
1
Let x = 69 + -60. Suppose 8*m - 72 = 2*m. Let n = m + 11. What is the remainder when n is divided by x?
5
What is the remainder when 78 is divided by -6 - 9/12*-12?
0
Let m(u) = u**3 + 4*u**2 - 5*u + 11. Suppose -6*k - 5 = 25. What is the remainder when (-6)/(-3) - (-32)/2 is divided by m(k)?
7
Let b = 40 - 28. Let n(v) = v**2 + 2*v - 1. Let g be n(4). Suppose -2*d - d + g = s, 5*d = 4*s - 92. Calculate the remainder when s is divided by b.
11
Let n = 32 - 0. Suppose 3*r + 1 - 69 = 5*t, 4*t + n = r. Calculate the remainder when 29 is divided by r.
13
Suppose 0 = -0*n - n + 13. Let d(g) = 14*g**2 - 4*g + 6 - g - g**3 - 10*g + 2*g. Calculate the remainder when 22 is divided by d(n).
4
Suppose v = 3, 5*r + 4*v + 6 = 148. Calculate the remainder when 140 is divided by r.
10
Let k = 31 + -8. Suppose 4*o + 2*f - 455 = 7*f, 5*o = f + 574. Let m = o - 24. What is the remainder when m is divided by k?
22
Let x = 76 + -45. Calculate the remainder when 2/(95/x - 3) is divided by 11.
9
Suppose d - 184 = -3*g, -2*d = 2*g - 5 - 363. Calculate the remainder when d is divided by 35.
9
What is the remainder when (-56)/(-6)*(-3996)/(-144) is divided by 66?
61
Let r(d) = 2*d**2 - 34*d + 36. Let k be r(16). Suppose -c + k*x + 72 = 0, 5*x = -2*c - c + 165. Calculate the remainder when c is divided by 21.
18
Suppose -1196 = -y + 5*w + 126, -y = 4*w - 1358. What is the remainder when y is divided by 64?
62
Suppose 1 = -2*g + 7. Suppose 55 = 2*f - g*z, -5*f + 105 + 0 = -z. Calculate the remainder when 71 is divided by f.
11
Let c = -28 - -46. Suppose 4*p - 416 = -2*r, -4*p = 2*r + 2*r - 412. Suppose c = 3*q - p. Calculate the remainder when q is divided by 14.
13
Let b = -6 - -9. Suppose 4*v = -v - 15, 5 = -d - b*v. Calculate the remainder when 12 is divided by d.
0
Let n(h) = h**3 + 13*h**2 + 10*h - 9. Let v be n(-12). Let z = 33 - v. Suppose 0 = -2*q - 2*q + 280. Calculate the remainder when q is divided by z.
16
Let i be (-2)/(-1 - -3) + 138. Let f = -68 + i. What is the remainder when f is divided by ((-36)/7)/((-154)/539)?
15
Suppose 3*f = 2*f + 40. Suppose 0 = -5*o - 5*d + f, 2*o + 0 - 1 = 3*d. What is the remainder when 17*((-16)/72 - 22/(-18)) is divided by o?
2
Suppose 0 = -16*t + 426 + 2518. What is the remainder when t is divided by 62?
60
Suppose -a - 21 + 24 = 0. Let d(l) = -5*l + 6. Let r(g) = 4*g - 7. Let x(o) = -5*d(o) - 6*r(o). Calculate the remainder when x(-8) is divided by a.
1
Suppose 25*j = 54*j - 1073. What is the remainder when 107 is divided by j?
33
Let p(x) = -4*x**2 + 48*x - 12. What is the remainder when 159 is divided by p(11)?
31
Let x = -1108 - -1129. Calculate the remainder when 291 is divided by x.
18
Suppose 17 + 98 = 5*k. Let t be 2/(-12) + (-25)/(-6). Let l(v) = 2*v**3 - 2*v**2 - 6. Calculate the remainder when l(t) is divided by k.
21
Suppose 15 = 3*h + 3*i, i - 2*i = 0. Let r be (h/(-15))/(1/(-9)). Calculate the remainder when (3 - r) + 120/4 is divided by 11.
8
Suppose -12 - 39 = 3*p. Let q be 0 - (-2 + 4 + p). Suppose -3*x + q + 3 = 0. What is the remainder when x is divided by 4?
2
Let i = 35 + -35. Suppose i*f = f - 5. Calculate the remainder when 18 is divided by f.
3
Let p = -3843 + 3884. Calculate the remainder when p is divided by (11/2)/(2/4).
8
Let x be ((-1 - 1)*1 - -2) + -4. What is the remainder when 88 is divided by x/6 - 1710/(-54)?
26
What is the remainder when (-16)/(-12)*183 + 7 is divided by 36?
35
Let z(b) = -7*b - 33. Calculate the remainder when 198 is divided by z(-8).
14
Let x = 18 + -14. Suppose -k - 3*y = k - 36, 4*y = k + x. Let d = 67 - k. Calculate the remainder when d is divided by 19.
17
Let h(u) = -16*u